se
Let t = 5 - -89. Does 30 divide t?
False
Let y(n) = n**2 + 7*n + 3. Does 7 divide y(-9)?
True
Let j = 206 + -118. Suppose y - 2*b - 11 = 0, -4*y + 2 = 2*b - 2. Suppose -31 = y*f - j. Is 11 a factor of f?
False
Let v be (-18)/(-4)*(-28)/6. Let t = 43 + v. Is 22 a factor of t?
True
Let h(k) = -k**2 - 9*k + 11. Let l be h(-10). Let z = l + -1. Let f(n) = -n + 30. Is 15 a factor of f(z)?
True
Is 3 a factor of -2*50*(-4)/8?
False
Let g = -5 - -22. Suppose 2*n + g = 4*x - n, 3 = -n. Suppose 3*j - 3*l - 30 = 0, -j - x*l + 0 + 1 = 0. Does 7 divide j?
True
Suppose 124 = 18*j - 2. Is j a multiple of 5?
False
Let j(b) be the third derivative of -11*b**4/12 - b**3/6 - 7*b**2. Let q = 0 - 1. Is 21 a factor of j(q)?
True
Suppose -3*b - 121 = -460. Does 6 divide b?
False
Let o(j) = 5*j**2 + 3*j + 2. Is o(-7) a multiple of 54?
False
Let h be 33 + (-1 - 0) + 2. Suppose h = 2*d - 26. Is 9 a factor of d?
False
Suppose j - 86 = 4*n, 5*j = 3*j + 5*n + 184. Does 6 divide j?
True
Is 560/9 + (-12)/54 a multiple of 12?
False
Suppose -6 = 2*b + 3*z, b + 4*z = -12 - 1. Suppose -3*w = 3 + b. Let u(y) = -y**3 - y**2 - y + 2. Is u(w) a multiple of 6?
False
Let d(l) = -23*l - 9. Suppose 3*i - 8 = 4*s - 1, -3*s - i - 15 = 0. Is d(s) a multiple of 17?
False
Let a(y) be the third derivative of y**7/5040 + y**6/180 - y**5/30 + 2*y**2. Let m(i) be the third derivative of a(i). Is 2 a factor of m(0)?
True
Let o(f) = f**3 - 7*f**2 - f + 6. Let x be o(7). Let i be (0 - 0 - 165)/x. Suppose 5*g = -5*w + i, 5*w = 3*w + 2. Is 18 a factor of g?
False
Suppose 0 = -3*q + 16 - 4. Suppose -q*d + 2*d = 0. Suppose 5*b - 3 - 227 = d. Is 23 a factor of b?
True
Suppose 58 = 2*r + 2*o, 3 = r - 4*o - 46. Let a = r - 4. Is 7 a factor of a?
False
Suppose -8*g = -5*g - 21. Is g even?
False
Let x be -6*(-2)/(-4) + 1. Let r(p) = 2*p**2 - p + 1. Does 3 divide r(x)?
False
Let k = -22 - -34. Is k a multiple of 3?
True
Let v(h) be the third derivative of -h**6/120 - h**5/24 + h**4/12 + h**2. Let d(k) be the second derivative of v(k). Is d(-6) a multiple of 14?
False
Suppose 3*t - 5*h + 21 = 5*t, -2*t = -5*h + 9. Let d be (-2)/(-3) + (-44)/t. Does 10 divide (-4)/d + (-204)/(-21)?
True
Suppose -3*p - 18 = 4*s, -4*p - s - 24 = -0*s. Let d(x) = -7*x**2 - 7*x - x + x**2 - 2 - x**3. Does 16 divide d(p)?
False
Let w = -7 - -18. Does 9 divide w?
False
Is ((-187)/(-4) - -2)/(4/16) a multiple of 15?
True
Let z be 2 - 3 - (1 + -16). Let m be -4*(-1)/2 - -41. Suppose z = -f + m. Is 13 a factor of f?
False
Let s(f) = 6*f - 7. Let c be s(6). Suppose -c = -5*i + 71. Is 20 a factor of i?
True
Let u(z) = -2*z - 6. Let p be u(-5). Suppose -21 = -f + 5*y, 4*f - 2*f = p*y + 48. Does 13 divide f?
True
Let k = -96 - -140. Does 22 divide k?
True
Suppose -5*w + 10 = -20. Let l(m) = -12*m + 6. Let j be l(w). Let u = -44 - j. Is 17 a factor of u?
False
Let f be (-16)/(-7) - (-6)/(-21). Suppose 0 - 4 = -f*b. Let m(v) = 18*v - 2. Is m(b) a multiple of 17?
True
Let v be (-9)/7 - (-6)/21. Let h(r) = -2*r**3 - r**2 + 1. Let u be h(v). Suppose -u*x = -7*x + 115. Is 12 a factor of x?
False
Let q = 4 - 1. Does 7 divide (q - -1)/(-4) + 11?
False
Suppose -v + 9 = 1. Suppose 5*o = o + v. Suppose -a + 4*a = -o*d + 41, 4*d + 6 = 2*a. Does 6 divide a?
False
Let w = -11 + 76. Is 17 a factor of w?
False
Let z be ((-12)/(-10))/(1/75). Suppose 0*v = -3*v + z. Is 15 a factor of v?
True
Suppose 0 = 3*l - 3*w + 191 - 719, 0 = -3*l - 5*w + 488. Does 17 divide l?
False
Suppose 5*a + 11 = 3*s, -4*s - 7 = 4*a + 21. Is 10 + ((-18)/s - 3) a multiple of 13?
True
Is 388/10 - (-1 - (-16)/20) a multiple of 39?
True
Let t = 3 - 1. Suppose 0 = -5*v - 20, -t*v = -h - 2 + 15. Is h a multiple of 2?
False
Suppose 0 = -4*t - 3*u + 5*u + 458, 0 = -2*u - 2. Is 38 a factor of t?
True
Let b be ((-1)/3)/(5/(-15)). Does 7 divide 2 + (b - (-17 + 3))?
False
Suppose 0*b = -b. Does 10 divide (-30)/(-2) + -3 + b?
False
Let w be (-30)/(-9) - 1/3. Suppose z + x - 2 = 5, 2*z + 14 = 5*x. Let h = w + z. Is 5 a factor of h?
False
Does 8 divide 204 + ((-3)/12)/(3/(-48))?
True
Let u be (5/2)/((-3)/(-6)). Let g be 4/(u/((-15)/2)). Is (10/g)/((-2)/12) a multiple of 5?
True
Let i = -43 - -146. Let n = -56 + i. Is n a multiple of 18?
False
Suppose 2*t - 74 = -2*f, -t + 11 + 26 = 2*f. Let m = -7 + t. Is m a multiple of 22?
False
Let p be 18/12 + (-3)/(-6). Suppose -p = u - 43. Does 17 divide u?
False
Let k = -110 - -158. Suppose -s + 29 = 2*p, 3*s = -5*p + 2*p + k. Is p a multiple of 4?
False
Let o = 209 + -93. Is o a multiple of 9?
False
Suppose 5*k - 14 = x - 2*x, 0 = k - 4*x + 14. Does 15 divide (-1)/(k/180*-2)?
True
Let g(v) = -v**3 - 3*v**2 + 6*v - 5. Let j be 156/(-36) + 4/(-6). Is 10 a factor of g(j)?
False
Let g(j) = -7*j + 1. Let x(m) = -3*m**2 - 18*m - 11. Let a(u) = u**2 + 6*u + 4. Let l(h) = -8*a(h) - 3*x(h). Let d be l(-4). Is 18 a factor of g(d)?
False
Suppose 5*o = -5*d + 145, o + 0*d - 2*d = 38. Suppose -3*t = -t - o. Is t a multiple of 4?
True
Suppose 3*u - 28 = 8. Suppose 144 = 2*h + u. Is 20 a factor of h?
False
Let i(u) = -15*u**2 - 5*u - 31. Let h(v) = 7*v**2 + 3*v + 15. Let l(b) = -13*h(b) - 6*i(b). Let k be l(-7). Suppose k*q = -92 + 312. Does 18 divide q?
False
Suppose 3*g = 2*g + 3*y + 9, -3*g + 2*y + 62 = 0. Does 8 divide g?
True
Let w = -6 - -32. Does 3 divide w?
False
Let t(j) = j**3 - 4*j**2 + 2*j - 6. Let k be t(4). Suppose k*h = -h. Let c = 3 + h. Does 3 divide c?
True
Let z be (-310)/(-110) + 2/11. Let l(n) = 2*n**2 - 3*n + 4. Is l(z) a multiple of 13?
True
Suppose 5*z = -4*y - 15, -z - 6 = 3*y + z. Suppose 3*j = -y*j. Suppose j = -q + 4 - 0. Is 2 a factor of q?
True
Suppose -5*f + 2*f + 3*o + 168 = 0, -4*f - 3*o + 210 = 0. Is 18 a factor of f?
True
Let g = -5 + 10. Suppose -3*o - 3*x + 26 = o, -g*x = -5*o + 50. Is o a multiple of 8?
True
Suppose -4 = -3*x - 8*u + 3*u, -3*x = 2*u - 7. Suppose -x*n + 22 = -44. Is n a multiple of 10?
False
Let a(y) = y**3 - 2*y + 3. Let c be a(3). Suppose -c = 6*r - 8*r. Does 12 divide r?
True
Let m be (35/28)/((-2)/(-8)). Suppose 3*w = a + m, -2*w = 3*a + w - 45. Does 9 divide a?
False
Suppose 18 = -r - 0*r - 4*w, -4*r = -2*w - 18. Suppose 3*g + 3*l = 21, -r*g - 1 - 15 = -4*l. Suppose -p = -g*t + 75, -2*p = t - 2*t + 39. Does 24 divide t?
False
Suppose m + 0*m - 3*v = 114, 0 = 5*v - 10. Does 10 divide m?
True
Suppose -6*c = -5*w - c + 150, 3*c = 4*w - 116. Is 8 a factor of w?
False
Let p = -1 - -4. Does 2 divide p?
False
Let p = 35 + 114. Does 16 divide p?
False
Suppose -921 = -4*t + 143. Suppose -2*z = -0*z - t. Suppose -4*u + z = 5*k - 2*k, 0 = u + 2*k - 27. Is 19 a factor of u?
False
Let w be (0 - 28)*(-12)/7. Let f = -27 + w. Does 7 divide f?
True
Let s be 2/(-4) - (-3)/(-2). Let v be (3/s - -2)*56. Let r = v - 17. Does 11 divide r?
True
Suppose 4*t = 4*w + 6*t - 78, 4*t - 90 = -5*w. Is 11 a factor of w?
True
Suppose -3*t = -5*n - 277 - 459, 3*t - 4*n - 740 = 0. Is t a multiple of 42?
True
Let z be (0 + 2)*(-12)/(-8). Let d(o) = 7*o**2 - z*o**2 + 6*o - 2 + 4*o**2 + o**3 - o. Is 6 a factor of d(-7)?
True
Suppose -m - 3*d + 9 = 0, 6*d - d = 4*m - 2. Let v(g) = -12*g + 3*g**3 + 28*g - 4*g**2 + 3 - 15*g. Is 15 a factor of v(m)?
False
Let u = 935 - 621. Is 13 a factor of u/6 - 1/3?
True
Let x be (3 - 4)*(0 + 1). Let a(l) = -34*l**3 + l**2 + l + 1. Let d be a(x). Suppose -3*r = m - d, -3*m + 8*m = -5*r + 55. Does 6 divide r?
True
Let j = -19 - -24. Suppose 4*v = -j*x + 165 - 60, -4*x + 2*v = -84. Is x a multiple of 5?
False
Let a(w) = 4 - 4 + 5*w - w. Let t be a(2). Suppose b = 4*o - 7*o + t, -o + 31 = 2*b. Is 5 a factor of b?
False
Is (-4)/6*(-561)/22 a multiple of 7?
False
Let i(m) be the first derivative of -m**3/3 + 9*m**2/2 + m - 3. Let x be i(7). Is (3/9)/(1/x) a multiple of 5?
True
Let v be ((-6)/(-5))/((-2)/10). Is 4 a factor of v*1/3*-2?
True
Let t be (-4)/10*(1 + -11). Suppose -p - 1 = -t. Suppose 7*b - p*b - 89 = -5*v, 72 = 4*v + 3*b. Is 19 a factor of v?
False
Let f(o) be the third derivative of o**6/120 + 7*o**5/60 - 5*o**4/12 + 5*o**3/3 + 8*o**2. Let u(y) = -y**3 + y**2 - 8. Let d be u(0). Is f(d) a multiple of 13?
True
Suppose i - 128 = -3*i. Does 14 divide i?
False
Let o = -2 + 14. Let h = 21 - o. Is 3 a factor of h?
True
Let a = -62 + 149. Is a a multiple of 24?
False
Suppose -i = 3*i - 20, 0 = 2*a + 4*i -